*x - 4. Give b(-4).
4
Let j(z) = z**2 - 2*z - 8. Determine j(-5).
27
Let o(q) = 2*q**2 + 71*q + 118. Determine o(-34).
16
Let t(f) = f**2 - 9*f - 14. Calculate t(9).
-14
Let n(c) = -c**3 - 3*c**2 - 5*c - 30. Determine n(-4).
6
Let w(l) = -4*l - 28. Calculate w(-9).
8
Let b(r) = r**3 - 4*r**2 - 16*r + 55. Give b(4).
-9
Let z(y) = 25*y - 3. Give z(-2).
-53
Let h(s) = -s**2 + 53*s - 98. Calculate h(2).
4
Let o(v) = -v**3 - 13*v**2 - 4. Give o(-13).
-4
Let i(t) = -t**3 + 9*t**2 - 15*t + 15. Calculate i(7).
8
Let l(v) = 3*v**2 + 80*v - 8. Determine l(-27).
19
Let g(l) = -l**2 - 29*l - 9. Determine g(-29).
-9
Let i(z) = 23*z + 343. Give i(-15).
-2
Let n(q) = 5*q - 95. Calculate n(15).
-20
Let f(u) = -u**3 - 14*u**2 + 10. Calculate f(-14).
10
Let v(o) = 2*o - 32. Calculate v(0).
-32
Let y(u) = 2*u - 32. What is y(12)?
-8
Let j(y) = y**2 - 8*y + 1. Calculate j(6).
-11
Let x(n) = -3*n**3 + 2*n**2 - 3*n + 2. Give x(1).
-2
Let r(b) = -5*b + 18. What is r(8)?
-22
Let u(y) = -34*y - 5. Determine u(-4).
131
Let t(h) = -h + 35. Calculate t(11).
24
Let k(i) = -i - 14. Give k(-12).
-2
Let y(c) = -c**3 + 28*c**2 + 31*c - 48. Calculate y(29).
10
Let b(l) = 2*l**2 + 40*l + 176. Calculate b(-13).
-6
Let m(y) = -2*y**2 + 52*y + 179. Give m(29).
5
Let t(z) = z**2 - 12*z + 40. Determine t(5).
5
Let i(b) = -b**3 - 4*b**2 - 9*b - 2. Calculate i(-6).
124
Let p(o) = -o + 40. Calculate p(40).
0
Let o(a) = a**3 + 18*a**2 + 27*a - 14. Determine o(-16).
66
Let b(o) = -2*o - 15. Give b(-11).
7
Let u(b) = b**2 - b + 2. What is u(2)?
4
Let a(q) = 2*q**2 + 3. What is a(5)?
53
Let i(p) = 18*p - 28. Determine i(2).
8
Let v(o) = o**2 + 14*o - 1. What is v(-10)?
-41
Let y(t) = 9*t - 55. Calculate y(9).
26
Let o(c) = 6*c**3 + 6*c**2. Determine o(-3).
-108
Let j(t) = 14*t - 3. Determine j(-4).
-59
Let h(u) = 2*u + 23. Calculate h(-9).
5
Let u(f) = -f - 7. Calculate u(10).
-17
Let x(u) = 2*u**2 - 18*u + 15. Determine x(11).
59
Let k(l) = -l**3 + 26*l**2 - l + 32. Give k(26).
6
Let a(f) = -7*f + 15. What is a(3)?
-6
Let z(c) = 5*c**2 - 5*c + 4. Calculate z(1).
4
Let d(l) = l**2 + 16*l + 42. What is d(-14)?
14
Let h(o) = 2*o**2 + 12*o + 13. Calculate h(-7).
27
Let a(l) = -6*l**2 - 142*l - 141. Give a(-1).
-5
Let x(y) = y**2 - 9*y - 7. Give x(8).
-15
Let c(y) = y**3 + 2*y**2 - 13*y + 2. Give c(4).
46
Let v(j) = 5*j + 52. Give v(-12).
-8
Let t(w) = -4*w**2 - 2*w - 1. Determine t(-1).
-3
Let b(o) = -3*o - 4. Calculate b(5).
-19
Let b(p) = p + 17. Give b(2).
19
Let d(q) = -4*q + 11. Determine d(7).
-17
Let h(i) = -27*i - 35. What is h(1)?
-62
Let m(i) = 17*i**3 + 4*i - 3. Give m(1).
18
Let j(c) = 57*c**3 + c**2 - 2*c + 1. What is j(1)?
57
Let j(n) = -5*n - 153. Calculate j(-29).
-8
Let o(c) = -4*c**2 + 50*c - 48. Give o(11).
18
Let z(h) = h**2 - 53*h + 245. Give z(48).
5
Let c(i) = -16*i + 103. What is c(6)?
7
Let r(y) = -y**3 + 20*y**2 - 19*y - 12. What is r(19)?
-12
Let a(u) = 2*u**2 - 29*u + 15. Determine a(14).
1
Let d(b) = b**2 + 29*b + 52. Determine d(-26).
-26
Let n(x) = -8*x - 29. Determine n(-4).
3
Let o(j) = j**2 + 10*j + 3. Calculate o(-11).
14
Let i(j) = -14*j + 59. What is i(4)?
3
Let t(j) = -6*j**2 - 2. Determine t(1).
-8
Let r(d) = 5*d - 3. What is r(-2)?
-13
Let k(i) = i**2 - 14*i - 50. Determine k(16).
-18
Let x(s) = 2*s - 6. Calculate x(7).
8
Let i(f) = -5*f - 145. Determine i(-27).
-10
Let k(s) = 4*s + 3. Determine k(-2).
-5
Let m(y) = y**2 + 4*y - 7. Determine m(-5).
-2
Let c(f) = 3*f**2 + 19*f + 18. Calculate c(-5).
-2
Let l(g) = g**2 + 9*g - 5. What is l(-11)?
17
Let g(a) = 10*a - 2. Give g(-2).
-22
Let b(l) = -18*l**3 - l**2 + l + 10. Give b(-2).
148
Let s(m) = 2*m**2 - 30*m + 8. Determine s(13).
-44
Let g(h) = 52*h**2 + h + 1. Give g(-1).
52
Let c(q) = q**3 + 6*q**2 + 5*q + 8. Determine c(-5).
8
Let v(p) = 2*p - 35. What is v(21)?
7
Let z(u) = -3*u + 36. Calculate z(18).
-18
Let z(a) = -a**3 + 3*a**2 + 3*a - 7. Calculate z(4).
-11
Let x(z) = z**3 + z**2 - 4*z - 4. What is x(-3)?
-10
Let p(y) = y**3 - 2*y**2 - 12*y - 6. Determine p(6).
66
Let j(y) = -3*y**3 + 24*y**2 - 10*y + 3. What is j(7)?
80
Let v(y) = -y**2 - 8*y + 27. Determine v(-11).
-6
Let k(f) = -f**3 - 6*f**2 - 6*f - 11. What is k(-6)?
25
Let k(a) = a**2 + 5*a + 8. What is k(-7)?
22
Let t(z) = 27*z - 3. What is t(3)?
78
Let x(o) = o - 7. What is x(15)?
8
Let q(j) = 16*j - 40. Calculate q(8).
88
Let u(y) = 3*y - 6. Determine u(4).
6
Let m(v) = v + 65. Calculate m(-63).
2
Let v(g) = 4*g - 1. Give v(-2).
-9
Let r(d) = d**2 - 15*d + 73. Give r(11).
29
Let j(f) = -3*f**2 - 12*f - 1. Determine j(-6).
-37
Let i(j) = j**3 - 11*j**2 + 28*j - 14. Determine i(6).
-26
Let p(d) = d**3 + 2*d**2 - 14*d + 6. Give p(0).
6
Let h(k) = 2*k**3 - 113*k**2 - 63*k + 337. Calculate h(57).
-5
Let j(k) = 2*k + 36. Determine j(-15).
6
Let r(w) = -w**3 - 13*w**2 - 11*w - 6. Determine r(-12).
-18
Let m(h) = -3*h - 30. Give m(-5).
-15
Let l(b) = b**3 - 4*b**2 - 5*b + 11. Give l(5).
11
Let v(q) = -3*q + 4. Calculate v(0).
4
Let c(o) = 4*o**3 - o**2 + 3*o + 3. Give c(-1).
-5
Let s(g) = g + 15. Determine s(-9).
6
Let i(o) = 12*o**2 + 10*o + 4. Give i(-1).
6
Let l(q) = 2*q - 33. Give l(17).
1
Let m(l) = -l**3 - 15*l**2 - 11*l - 4. Determine m(-14).
-46
Let h(u) = u**3 - u**2 - u + 2. What is h(-3)?
-31
Let y(b) = -b**2 - 26*b - 35. What is y(-24)?
13
Let m(v) = -2*v**3 + 15*v**2 + 5*v + 23. Calculate m(8).
-1
Let r(f) = -f**2 - 10*f - 4. Determine r(-11).
-15
Let r(l) = 2*l**3 - 3*l**2 - 3*l - 1. What is r(2)?
-3
Let p(b) = -9*b**2. Calculate p(-1).
-9
Let x(a) = -a**2 - 7*a - 6. What is x(-5)?
4
Let c(v) = v**3 + 5*v**2 + 14*v + 26. Determine c(-3).
2
Let o(t) = -t + 55. Determine o(52).
3
Let o(w) = -w**3 + 2*w**2 - 3. What is o(4)?
-35
Let g(j) = 4*j**3 - 2*j**2 - j + 1. What is g(2)?
23
Let y(v) = -v**2 + 7*v + 28. Determine y(9).
10
Let b(d) = -d**3 + 18*d**2 + 20*d - 23. What is b(19)?
-4
Let q(i) = -i**3 - 17*i**2 - 16*i + 1. Determine q(-16).
1
Let n(d) = 4*d - 4. Give n(1).
0
Let o(a) = -a**3 - 4*a**2 + 2*a + 6. What is o(-4)?
-2
Let u(m) = -2*m - 7. What is u(-2)?
-3
Let y(a) = -a**3 - 10*a**2 - 4*a + 40. Give y(-9).
-5
Let b(u) = -u**3 + u**2 - 5. Determine b(0).
-5
Let s(v) = v**3 - 26*v**2 - 27*v + 6. Determine s(27).
6
Let v(o) = -o**2 - 15*o - 22. Calculate v(-5).
28
Let v(c) = -2*c**2 - 10*c. Give v(-3).
12
Let w(g) = -14*g - 44. What is w(0)?
-44
Let a(d) = -77*d + 5. What is a(-2)?
159
Let w(z) = 20*z + 966. Determine w(-49).
-14
Let v(p) = 4*p**3 + p**2 + 4. What is v(-3)?
-95
Let p(f) = 3*f - 2. Determine p(7).
19
Let z(d) = 11*d + 58. What is z(-3)?
25
Let z(w) = 5*w**2 + 11*w + 17. What is z(-6)?
131
Let c(f) = -3*f - 1. Calculate c(2).
-7
Let o(z) = z**2 - 13*z + 30. Determine o(9).
-6
Let s(b) = -6*b + 37. What is s(5)?
7
Let p(h) = h**2 + 4*h - 7. What is p(-8)?
25
Let u(t) = 42*t + 129. Give u(-3).
3
Let k(z) = -z**3 - 2*z**2 + 3*z + 1. Determine k(-2).
-5
Let l(y) = 12*y + 238. What is l(-21)?
-14
Let h(k) = k**3 - 4*k**2 - 8*k. Calculate h(6).
24
Let w(v) = v**3 + 10*v**2 + 12*v - 33. What is w(-8)?
-1
Let m(p) = -p**3 + 47*p**2 - 90*p + 7. What is m(45)?
7
Let w(h) = 28*h**2 - 1. What is w(-1)?
27
Let o(n) = n**3 - 5*n**2 + 11*n - 20. Give o(4).
8
Let o(s) = 4*s - 13. Calculate o(2).
-5
Let n(l) = l**3 - 8*l**2 - 13*l + 45. Give n(9).
9
Let f(g) = g**3 + 3*g**2 - g - 8. Calculate f(2).
10
Let v(r) = 14*r**2 + 2*r - 1. What is v(1)?
15
Let i(v) = v**2 + 12*v - 10. Give i(-13).
3
Let u(q) = -q**3 - q**2 + q - 1. Determine u(1).
-2
Let s(l) = 3*l**3 - 16*l**2 - 24*l - 72. Give s(7).
5
Let n(a) = 4*a + 5. What is n(-11)?
-39
Let n(f) = -f**2 - 5*f + 22. Calculate n(-8).
-2
Let q(n) = -2*n**2 - 2*n. What is q(-2)?
-4
Let c(m) = m**2 - 14*m + 5. Calculate c(14).
5
Let a(k) = 22*k + 70. What is a(-4)?
-18
Let n(g) = 2*g**3 + 3*g**2 - 11*g + 12. What is n(2)?
18
Let w(r) = -r**3 + 16*r**2 - 18*r - 21. What is w(15)?
-66
Let b(d) = -d**3 + 5*d**2 - 7*d + 9. Give b(5).
-26
Let k(z) = z**3 + 5*z**2 - 3*z - 2. Determine k(0).
-2
Let w(l) = -3*l + 127. Calculate w(34).
25
Let l(b) = -5*b - 114. Calculate l(-23).
1
Let o(g) = -6*g - 2. What is o(-1)?
4
Let y(t) = -159*t - 3. Calculate y(1).
-162
Let w(s) = 18*s + 46. Give w(-9).
-116
Let a(s) = s**3 + s**2 - 2*s + 2. Determine a(2).
10
Let f(v) = -4*v + 22. Calculate f(3).